79424343?
4
What is the millions digit of 39486423?
9
What is the millions digit of 406056744?
6
What is the units digit of 898429272?
2
What is the tens digit of 6902820?
2
What is the units digit of 46493164?
4
What is the hundreds digit of 2491063295?
2
What is the ten thousands digit of 7449927177?
2
What is the ten thousands digit of 158924716?
2
What is the millions digit of 47584924?
7
What is the ten millions digit of 1506034110?
0
What is the units digit of 58778553?
3
What is the billions digit of 2270563740?
2
What is the units digit of 62597021?
1
What is the ten millions digit of 94233027?
9
What is the units digit of 61730791?
1
What is the units digit of 96890130?
0
What is the hundred thousands digit of 2137697972?
6
What is the ten thousands digit of 338074?
3
What is the tens digit of 93282404?
0
What is the ten millions digit of 34111167?
3
What is the hundreds digit of 2846568425?
4
What is the hundred millions digit of 4720526487?
7
What is the hundred thousands digit of 543594267?
5
What is the tens digit of 163418677?
7
What is the tens digit of 1098674088?
8
What is the units digit of 10105027?
7
What is the ten thousands digit of 5013426227?
2
What is the hundreds digit of 13668760?
7
What is the thousands digit of 3891503867?
3
What is the units digit of 532333655?
5
What is the thousands digit of 214115928?
5
What is the hundreds digit of 51910133?
1
What is the thousands digit of 97931404?
1
What is the ten thousands digit of 521982828?
8
What is the hundred millions digit of 211533497?
2
What is the ten millions digit of 73161984?
7
What is the billions digit of 2671844552?
2
What is the ten thousands digit of 25665022?
6
What is the hundred thousands digit of 81517601?
5
What is the thousands digit of 102786779?
6
What is the hundreds digit of 27634781?
7
What is the hundred thousands digit of 462140412?
1
What is the units digit of 262929555?
5
What is the millions digit of 96944415?
6
What is the hundreds digit of 424136329?
3
What is the ten millions digit of 2109814379?
0
What is the millions digit of 9579993928?
9
What is the hundred millions digit of 122484638?
1
What is the hundred thousands digit of 32645766?
6
What is the thousands digit of 40026095?
6
What is the units digit of 595063532?
2
What is the ten millions digit of 18477477?
1
What is the ten thousands digit of 782564942?
6
What is the hundred thousands digit of 1626922618?
9
What is the ten millions digit of 59155383?
5
What is the tens digit of 1419858042?
4
What is the millions digit of 3746146801?
6
What is the thousands digit of 9263395?
3
What is the units digit of 48955000?
0
What is the ten millions digit of 49060216?
4
What is the ten millions digit of 849011681?
4
What is the thousands digit of 22188891?
8
What is the units digit of 29946636?
6
What is the ten thousands digit of 233629037?
2
What is the units digit of 290634442?
2
What is the thousands digit of 159741121?
1
What is the hundred thousands digit of 6250002359?
0
What is the hundreds digit of 176799848?
8
What is the hundreds digit of 362051188?
1
What is the ten thousands digit of 1454588?
5
What is the billions digit of 1170343615?
1
What is the tens digit of 260428626?
2
What is the units digit of 57225976?
6
What is the millions digit of 28702739?
8
What is the ten thousands digit of 263747870?
4
What is the hundreds digit of 1891173904?
9
What is the millions digit of 3053552791?
3
What is the tens digit of 65953607?
0
What is the thousands digit of 529806638?
6
What is the thousands digit of 1200930873?
0
What is the hundred thousands digit of 498077490?
0
What is the hundred millions digit of 200341799?
2
What is the ten millions digit of 6177216878?
7
What is the hundred thousands digit of 5565340211?
3
What is the tens digit of 4713898035?
3
What is the tens digit of 35384382?
8
What is the ten millions digit of 483102392?
8
What is the ten millions digit of 60070581?
6
What is the hundred millions digit of 5600778291?
6
What is the ten thousands digit of 1455706704?
0
What is the ten thousands digit of 2796957211?
5
What is the ten thousands digit of 73930483?
3
What is the units digit of 155417869?
9
What is the ten thousands digit of 87806195?
0
What is the hundreds digit of 1147469362?
3
What is the hundreds digit of 533443738?
7
What is the units digit of 1261657146?
6
What is the hundred thousands digit of 2309039625?
0
What is the ten millions digit of 85171671?
8
What is the ten millions digit of 197011369?
9
What is the ten millions digit of 125690200?
2
What is the thousands digit of 77120624?
0
What is the hundred thousands digit of 46145780?
1
What is the hundreds digit of 121702242?
2
What is the ten thousands digit of 3929830638?
3
What is the ten thousands digit of 35239503?
3
What is the thousands digit of 739451223?
1
What is the units digit of 1283441304?
4
What is the hundreds digit of 49911867?
8
What is the ten millions digit of 720932645?
2
What is the hundreds digit of 93877685?
6
What is the units digit of 609797313?
3
What is the hundred millions digit of 129640113?
1
What is the ten millions digit of 141088356?
4
What is the ten millions digit of 3014029319?
1
What is the ten thousands digit of 1491407549?
0
What is the hundreds digit of 34800294?
2
What is the ten thousands digit of 215125961?
2
What is the ten thousands digit of 2048849171?
4
What is the hundred thousands digit of 1686312?
6
What is the hundred millions digit of 253711336?
2
What is the hundreds digit of 621471152?
1
What is the hundred millions digit of 2030049998?
0
What is the millions digit of 353975364?
3
What is the hundreds digit of 12656935?
9
What is the millions digit of 1906802881?
6
What is the hundreds digit of 1013382334?
3
What is the tens digit of 15879519?
1
What is the ten thousands digit of 14060568?
6
What is the tens digit of 10972411?
1
What is the hundreds digit of 6244069?
0
What is the ten thousands digit of 6719341777?
4
What is the thousands digit of 334689165?
9
What is the ten thousands digit of 17041045?
4
What is the ten thousands digit of 66589437?
8
What is the ten thousands digit of 226594650?
9
What is the billions digit of 1117432295?
1
What is the units digit of 4196342818?
8
What is the ten millions digit of 1126466604?
2
What is the hundreds digit of 1602976523?
5
What is the hundred thousands digit of 119914927?
9
What is the billions digit of 2171462089?
2
What is the ten millions digit of 99400983?
9
What is the tens digit of 10307603?
0
What is the tens digit of 47486705?
0
What is the ten thousands digit of 13204815?
0
What is the hundred thousands digit of 90111869?
1
What is the units digit of 2685731?
1
What is the thousands digit of 634580427?
0
What is the hundreds digit of 204553910?
9
What is the hundred thousands digit of 84996217?
9
What is the ten thousands digit of 2653406664?
0
What is the hundred millions digit of 971169232?
9
What is the billions digit of 4410750886?
4
What is the units digit of 114629039?
9
What is the hundreds digit of 5115180?
1
What is the units digit of 90782644?
4
What is the hundreds digit of 2635570294?
2
What is the units digit of 840335096?
6
What is the ten millions digit of 402962053?
0
What is the units digit of 8886724?
4
What is the millions digit of 1488316428?
8
What is the millions digit of 1036246316?
6
What is the hundred thousands digit of 8187659?
1
What is the ten millions digit of 72368153?
7
What is the ten millions digit of 156364041?
5
What is the ten thousands digit of 7049570094?
7
What is the ten thousands digit of 99875878?
7
What is the ten thousands digit of 1292134233?
3
What is the hundreds digit of 87210509?
5
What is the thousands digit of 999298097?
8
What is the tens digit of 373912979?
7
What is the hundred thousands digit of 187359529?
3
What is the thousands digit of 95947219?
7
What is the ten thousands digit of 46828669?
2
What is the thousands digit of 203193842?
3
What is the tens digit of 450573782?
8
What is the hundreds digit of 135479262?
2
What is the ten thousands digit of 104112685?
1
What is the tens digit of 724970361?
6
What is the ten millions digit of 2194081702?
9
What is the hundred thousands digit of 4777054422?
0
What is the thous